git of d?
8
Let t = -8 + 0. Let x = -5 - t. What is the units digit of 82/4 + x/2?
2
Let j(y) = -y**3 + 4*y**2 - 4*y + 4. Let f be j(3). Let w(i) = 3 + 3*i + 2 - f - 2*i. What is the tens digit of w(14)?
1
Suppose -4*j = -2*a - 798, j - 4*a - 143 = 39. What is the units digit of j?
2
Suppose -9*y - 7 = -8*y. Let j(i) = -2*i + 9. Let v be j(y). Let s = v - 6. What is the tens digit of s?
1
Let m = -900 - -2419. What is the hundreds digit of m?
5
Let k = 79 + 373. What is the hundreds digit of k?
4
Let n(f) = -8 + 16 - 28*f + 33. What is the units digit of n(-6)?
9
What is the units digit of ((-2)/4)/((-7)/7434)?
1
Suppose 258*j + 69936 = 282*j. What is the thousands digit of j?
2
Suppose -7*x - 363 - 1429 = 0. Let l = -93 - x. What is the units digit of l?
3
Suppose 30 = -0*w + 2*w. Let t be ((-2)/6)/((-3)/(-9)). What is the units digit of (-3)/(w/335)*t?
7
Let w be 3930/14 + 2/7. Let d = w + -131. What is the units digit of d?
0
Suppose -8*y + 4583 = -5353. What is the thousands digit of y?
1
What is the hundreds digit of (-1 - (-2482)/2) + (-192)/96?
2
Suppose 6*d = 9409 - 3601. What is the tens digit of d?
6
Let n(l) = 99*l + 29. What is the tens digit of n(24)?
0
Suppose 17 = 3*d - 7. Suppose 4*b = 3*b + d. Suppose -b = -3*z + 2*z. What is the units digit of z?
8
Let l = 21 - 23. Let i(h) = -19*h**3 - 2*h**2 + 3*h + 2. Let r(m) = 57*m**3 + 6*m**2 - 10*m - 7. Let a(o) = l*r(o) - 7*i(o). What is the units digit of a(1)?
0
Let d(j) = -j - 2. Let p be d(1). What is the units digit of (-6*30)/(-3 - p/2)?
0
Let s = -7 - -20. Let r = s - 17. What is the units digit of (-5)/(r/(-3 - -11))?
0
Suppose 0 = -4*x + 3*z + 1843, 0 = 2*x + 8*z - 12*z - 914. What is the units digit of x?
3
Suppose 4*c - 6*c = -8. Suppose -23 = -c*g + b, -4*g + 15 = 3*b + 4. Suppose 2*t - 42 = g*i + 1, -4*t + 41 = 5*i. What is the units digit of t?
4
Let n(k) = k**3 + 16*k**2 - 11*k - 29. What is the hundreds digit of n(-12)?
6
Let v = -17 + 19. What is the hundreds digit of v*(-108)/(2 - 4)?
1
Let d = 3389 - 1264. What is the tens digit of d?
2
Let c(l) = 8*l + 59. Let v(s) = s - 1. Let d(q) = -c(q) - 6*v(q). What is the tens digit of d(-17)?
8
Let m(p) = -5*p**2 - 38*p - 29. Let y(t) = 2*t**2 + 13*t + 10. Let q(i) = 4*m(i) + 11*y(i). What is the tens digit of q(9)?
7
Let k = 2 + -9. Let p = k - -10. Suppose 0 = -v - 8*f + 4*f + 50, p*f = 4*v - 143. What is the units digit of v?
8
Let i = 1315 - 460. What is the tens digit of i?
5
Suppose -5100 = -10*x + 4*x. What is the hundreds digit of x?
8
Suppose 4*k = -0*k + 160. Suppose 2*t + 91 = -3*y, 5*y = -3*t - 56 - 94. Let v = k + y. What is the units digit of v?
3
Let g = -13 - -18. Let o(x) = -4*x**2 + 6*x - 14. Let l(i) = -7*i**2 + 11*i - 27. Let a(w) = -3*l(w) + 5*o(w). What is the units digit of a(g)?
1
Let o(w) = -w**3 + 9*w**2 + w - 12. Let n be o(9). Let v be 2/n - (-52)/(-3). Let t = -9 - v. What is the units digit of t?
9
Let a(s) = -6*s**3 - 1. Let w be a(-1). Suppose 1 = -j + w. Suppose -2*i + 56 = -3*t - 2*t, i = -j*t + 15. What is the tens digit of i?
2
Let o = 9453 + -6608. What is the tens digit of o?
4
Let h be 1 + 116/(4/1). What is the units digit of 816/h*15/6?
8
Suppose -2*m + 4 = 4*l, 0 = -3*l - 0*l - 4*m + 8. Suppose l = -i - 2*h + 272 + 3, 2*h + 1399 = 5*i. What is the hundreds digit of i?
2
Let l = 381 + 553. What is the units digit of l?
4
Let o be 0 + 0/(1 + (-1 - 1)). Suppose 2*h - 135 - 25 = o. What is the tens digit of h?
8
Let h(k) = -k**2 - 9*k - 11. Let p be h(-5). Suppose 12*o - 123 = p*o. What is the units digit of o?
1
Let v(k) = k**3 - 20*k**2 - 20*k - 28. Let z be v(20). What is the units digit of z/(-3) + 2/(-3)?
2
Let d(v) = 125*v**2 + 38*v - 104. What is the units digit of d(3)?
5
Let p = 1048 - -113. What is the tens digit of p?
6
Suppose -3*z - 11 = -4*z. Suppose 7*w + 460 = z*w. What is the tens digit of w?
1
Suppose 5*k + 100 = 3*a + 2*a, 2*a - 20 = -2*k. Let s = 14 + a. Suppose s + 19 = q. What is the units digit of q?
8
Let f(i) = 5*i**3 + i**2 - 5*i + 5. Let j = -22 - -22. Suppose j = 2*w - o - 2, -2*w + 4*o = 3*w - 2. What is the tens digit of f(w)?
3
Let y = 113 + -141. What is the tens digit of 589/4 + 7/y?
4
Let m be -3 - (2 + 88 - 1). Let z = m - -192. What is the tens digit of z?
0
What is the tens digit of ((-956)/10)/((-210)/50 - -4)?
7
Suppose -2*g = z - 13, 4*g - 22 = z - g. Suppose 10 = -x - z*q - 2*q, -4*q - 41 = 3*x. Let f = 8 - x. What is the tens digit of f?
2
Let o = -6713 - -11219. What is the thousands digit of o?
4
Let n(q) = -19 + 21 - 2*q**2 + 12*q**3 + 0*q**3 - 3*q. What is the units digit of n(2)?
4
Let r(s) be the first derivative of -159*s**2/2 - 3*s - 11. Let n be r(5). What is the tens digit of (-2)/(-4) - n/28?
2
Let u = 21 - 9. Suppose -x + u = h - 0*x, 0 = -3*h + 3*x + 24. What is the tens digit of h?
1
Let r(s) = 4*s**2 - 6*s - 331. What is the tens digit of r(-28)?
7
Let a = 580 + -177. What is the tens digit of a?
0
Let d(t) = -5*t**3 - 13*t**2 + 4*t - 17. What is the tens digit of d(-8)?
7
Suppose 5*l - 748 = 27. What is the units digit of l?
5
Suppose -6*r - 774 = -192. Let o = 185 + r. What is the units digit of o?
8
Suppose -2*l - l = 2*s + 15, 15 = 2*s - 3*l. Suppose s*b = -2*b + 2, -5*j - 4*b = -14. What is the units digit of j?
2
Let a be 0/((-4)/10 + (-68)/(-20)). Suppose -5*v + 521 + 4 = a. What is the hundreds digit of v?
1
Suppose 0 = u - 1, -2*j - 8*u + 13*u + 5597 = 0. What is the tens digit of j?
0
Let z(d) = -d**3 - 13*d**2 + 15*d - 8. Let i(w) = w**3 - 6*w**2 + 5*w - 2. Let q be i(3). Let l be z(q). Let y = 43 + l. What is the tens digit of y?
2
Let s = -1603 - -3086. What is the hundreds digit of s?
4
Let i(h) = -h**3 - 2*h**2 - 2*h - 3. Let n be i(-3). What is the tens digit of (2 + (-27)/n)/(7/(-1988))?
7
Suppose 2*g - 8 = 0, -2*b - 4*g + 0*g + 6 = 0. Let h = 11 + b. What is the tens digit of 1/(-3) + 200/h?
3
Let o(y) be the first derivative of -19*y**2/2 - 13*y - 5. What is the tens digit of o(-4)?
6
Let g(p) = -p**3 + p + p**2 + 4 + 4*p - 3*p**2 + 0*p**3. Let b be g(-3). What is the units digit of b/6 - 1184/(-24)?
9
Let s(k) = k**3 - 17*k**2 + 20*k + 128. What is the units digit of s(19)?
0
Suppose 0 = -5*h + 10*h - 10. Suppose 126 = n + h*n. Let t = -19 + n. What is the units digit of t?
3
Suppose 2*y - 98 = y. Suppose -j + 201 = -y. What is the tens digit of (-2)/9 + j/9?
3
Suppose 0 = -4*y - x + 64 - 9, x + 15 = y. Let n = -11 + y. Suppose 0 = -n*h + 17 - 5. What is the units digit of h?
4
Suppose -3*l = -5*x + 18005, 2*x + 3*l + 1242 = 8423. What is the thousands digit of x?
3
Suppose 4*r + 5030 = 7*r + 2*x, -2*r + 3362 = -3*x. What is the units digit of r?
8
Suppose -7*s - 8*s - 315 = 0. What is the units digit of (s - -15)/(-1 - 1/2)?
4
What is the hundreds digit of (-1)/((-9)/36) - 351/(-1)?
3
Let p(x) = -x**2 - 9*x + 20. Let y be p(-14). Let h = y - -74. What is the tens digit of h?
2
Let p(r) = 22*r**3 + 1. Let u be p(1). Let v = -19 + u. What is the tens digit of (3/v)/(3/84)?
2
Suppose -52*i = -9*i - 140137. What is the units digit of i?
9
Let b be (-1)/(2*3/138). Let d = 1 + b. Let a = d + 45. What is the units digit of a?
3
Suppose -2*v + 4 = 2. Let j = v + 7. What is the units digit of 2*2/j*2?
1
Let u = 75 - 56. Suppose -4*m + 3 = -5. Suppose -x = -u + m. What is the units digit of x?
7
Let n be (2/(-3))/((-4)/(-2718)*-1). Suppose -2*l + n = l. What is the units digit of l?
1
Suppose -f = 3, 0 = -7*k + 9*k - 4*f - 6996. What is the tens digit of k?
9
Let w(z) = 6 + 69*z**3 - z**2 - 4 - 2*z - 4 + 4. What is the tens digit of w(1)?
6
Let s(r) = -r**3 + 30*r**2 - 27*r - 118. What is the tens digit of s(22)?
6
Let u = 13 + -18. Let v = -6 - -13. What is the units digit of u + v - -1*3?
5
Let j(d) = -3*d**3 - 2*d**2 - 2 - d**3 + 3*d**3 - d**2. What is the units digit of j(-5)?
8
What is the hundreds digit of (-3)/((-12)/1106)*(-6 + 8)?
5
Let r = -36 - -39. Let v = 8 - r. What is the units digit of v?
5
What is the units digit of (807/2)/(264/(-32) - -9)?
8
Let r(v) = 56*v**2 - 8*v - 5. Let g be r(3). Let s = g - 231. What is the tens digit of s?
4
Suppose -10 = -4*k + 2*u, 3*k - 5*u - 15 = -2*k. Let i(x) = -4*x**k + 3*x**2 + 6*x - 4*x + 7*x**3. What is the tens digit of i(2)?
5
Let z(a) = -3*a**2 - 233*a - 141.